- 279. What are the prime factors of r?
2, 3, 71
Let u(b) be the first derivative of -11 - 9*b - 1/4*b**4 + 7/3*b**3 + 5*b**2. What are the prime factors of u(8)?
7
Let w be (162/(-18))/(-2 + (-69)/(-39)). What are the prime factors of (-1 + w)*(-8)/32*-88?
2, 11, 19
Let w be 4*(1/(-2))/((-22)/(-44)). List the prime factors of (824 + -9)*(w/(-5) + 0).
2, 163
Let b be ((-40)/(-24))/((-2)/6). List the prime factors of 2*1232/(-35)*b.
2, 11
Suppose -3*w + 65 = 74. Let j(o) = -61*o + 15. List the prime factors of j(w).
2, 3, 11
Suppose -14*o - 375 = 395. Let s be 20*(-3 - o/10). Let d = s + 10. List the prime factors of d.
2, 3, 5
Let r be -189 - ((0/3)/1 - 0). Let l = r + 423. List the prime factors of l.
2, 3, 13
Suppose 0 = -7*o + 6*o + n + 57693, -n + 288465 = 5*o. What are the prime factors of o?
3, 19231
Let h = 35739 - 21604. List the prime factors of h.
5, 11, 257
Suppose 0 = -2*i - 5*q + 26, -3*i = 8*q - 3*q - 29. Suppose 0 = -5*n + i*o + 5214, 5*n - o = 3*o + 5212. List the prime factors of n.
2, 3, 29
Let a be 45/(-30) + ((-17)/(-2) - 2). Suppose a*r + 150 = 6*r - 3*l, -3*r + 430 = -4*l. List the prime factors of r.
2, 3, 23
Let v(k) = -k**3 + 25*k**2 - 10. Let w be v(25). List the prime factors of (-264)/w + (-105)/(-175).
3
Let v = -8944 - -13268. What are the prime factors of v?
2, 23, 47
List the prime factors of 12495/4*(-128)/(-48).
2, 5, 7, 17
Suppose -j = w - 6, -w + j + 12 = 4*j. Let d(g) = 63*g**w - 10*g**2 + 6 - 5*g + 14*g - 62*g**3. List the prime factors of d(10).
2, 3
Let y = -973 + 1940. Suppose -5*q + 3*m + 812 = 0, -179 = 5*q + 3*m - y. List the prime factors of q.
2, 5
Let k = -41 - -45. Suppose 7 - 2 = -p, 124 = 4*n - k*p. Let w(q) = 4*q - 35. What are the prime factors of w(n)?
3, 23
Suppose 0 = 4*n - 5*k - 4 + 17, 2*n - k - 1 = 0. Suppose 1519 = -5*z - n*c, c - 9 = 4*c. Let u = -207 - z. What are the prime factors of u?
5, 19
Suppose -256*q + 8149801 - 1403689 = 0. List the prime factors of q.
2, 3, 61
Let c be 32/(-208) - (-264)/26. List the prime factors of c/45 + 2606/36*20.
2, 181
Suppose 0 = -6*v - 1126 - 956. Let u = 669 + v. What are the prime factors of u?
2, 7, 23
Suppose -2*x + 2*s - 22 = 4*s, s = x + 3. Let g be x/(-28)*(45 + -1). Suppose g*o - 222 = 251. What are the prime factors of o?
43
Let i(u) = -1177*u**3 - 2*u - 1. Let z be i(-1). Suppose -10*a + 343 = 223. List the prime factors of z/a - ((-25)/30 + 1).
2, 7
Let d(g) = 6*g - 62. Let c be d(24). List the prime factors of 1 - 10/(-20)*(0 + c).
2, 3, 7
Let y be ((-2)/3)/((-106)/(-131493)). Let s = 917 + y. List the prime factors of s.
2, 3, 5
List the prime factors of (15915 - 1) + 22*12/66.
2, 3, 7, 379
What are the prime factors of (-182)/39*(-72090)/35?
2, 3, 89
Let y(c) = -5*c**3 + 6*c**2 - 15*c - 17. What are the prime factors of y(-9)?
7, 607
Let a be (-49)/(((-20)/(-55))/4). Let z = -356 - a. Suppose -2*s + 124 = -3*j, 4*s - z = s + 3*j. What are the prime factors of s?
59
Suppose 114*u - 2043351 = 2690272 - 1250125. List the prime factors of u.
30557
Let m(h) = h**3 - h + 13. Let d be -3 - (0 + -4 + 1). Let x be m(d). Suppose -x*t + 188 = -9*t. What are the prime factors of t?
47
Let k = -171 + 4350. What are the prime factors of k?
3, 7, 199
What are the prime factors of (-2 - -2835) + 1/((-1)/8)?
5, 113
Let r(v) = 5876*v**2 + 71*v + 4. What are the prime factors of r(-3)?
5, 7, 43
Let u(c) = -1513*c + 2003. List the prime factors of u(-32).
127, 397
Let u(v) = v**3 + 77*v**2 - 682*v - 218. What are the prime factors of u(-76)?
2, 3, 5, 1913
Suppose -2*g - 5*p + 25469 = 0, 2240*p + 51013 = 4*g + 2235*p. List the prime factors of g.
3, 7, 607
Let z be (-6)/(4 + -2)*85/(-15). Suppose 20*w + z*w = 407. What are the prime factors of w?
11
Let a(d) = 15*d + 43. Let s(f) = 4*f + 11. Let j(u) = -6*a(u) + 22*s(u). Let x be j(-9). Suppose 7 = o - x. What are the prime factors of o?
3
Let y = -5 - -5. Suppose y = -2*o + 284 - 16. List the prime factors of o.
2, 67
Suppose -3*j = -3*n + 37 - 55, -3*j + 17 = -2*n. Let d = -61 - -43. What are the prime factors of 4 + n - (d*9 + -1)?
2, 83
Let u(q) = 259*q**2 - 2*q + 12. Let a be u(2). Suppose 0 = -14*m + a - 386. What are the prime factors of m?
47
Suppose -5*x = -4*o + 471, -5*o - 3*x = -7*x - 591. Let g = o - 255. Let r = -87 - g. List the prime factors of r.
7
Let i = 7559 + -1553. What are the prime factors of i?
2, 3, 7, 11, 13
Let n be (-2)/7 + (-2207)/(-7). Suppose 4598*f = 4606*f + 1080. Let p = f + n. List the prime factors of p.
2, 3, 5
Let z = 14 - 14. Suppose z = i + 55 - 70. What are the prime factors of ((-3)/((-3)/52))/(i + -13)?
2, 13
Let z = -38 - -46. Let f be (4*(-4)/z)/(-1). Suppose -146 = f*t - 4*t. List the prime factors of t.
73
Let b(w) = 4*w**3 + w**2 - w + 20. Let c be b(6). Let o = 1624 - c. List the prime factors of o.
2, 5, 71
Suppose 4*h + 7 + 5 = 0. Let j be 6 - (0 + h)*(-5)/15. Suppose -5*k - 78 = -j*r - 4*k, 72 = 4*r - 4*k. List the prime factors of r.
3, 5
List the prime factors of 1381248/319 - (-2)/29.
2, 5, 433
Let a(r) = -r**3 - 13*r**2 - 12*r - 4. Let o be a(-12). Let i(n) be the second derivative of -22*n**3/3 - 49*n**2/2 - 41*n. List the prime factors of i(o).
127
Let g be (-61)/(-5) + (-1)/5. Suppose 0 = -87*d + 90*d - 3402. Suppose -5*o = -g*o + d. List the prime factors of o.
2, 3
Let v be (-3)/9 - (-644)/(-12). Let u = 84 + v. Suppose -r - 5*p = -0*r + 4, -4*r + 3*p = -u. What are the prime factors of r?
2, 3
Let g(t) be the first derivative of 21*t**4/2 - 2*t**3/3 - 5*t**2/2 + 90. List the prime factors of g(2).
2, 3, 53
Suppose 2*s - 5*s - 3 = 3*a, -4*s + 21 = -a. Let y be 6/s*(21 - 19). Suppose 5*m - i = 2*i + 1050, 619 = y*m - 4*i. What are the prime factors of m?
3, 71
Let s = -776 + 1159. Suppose -9*y + 3983 = s. List the prime factors of y.
2, 5
Let r(m) be the second derivative of -19*m**5/20 - m**4/12 - 5*m**3/6 + 4*m**2 - 22*m - 2. List the prime factors of r(-3).
17, 31
Let v = -56 + 60. Let m be (950/v)/1 + (-2)/(-4). Suppose 6*d = m - 58. List the prime factors of d.
2, 3, 5
Suppose -5*v = -2*y - 106069, -216*v - 5*y = -217*v + 21177. List the prime factors of v.
7, 433
Let y(d) = -2*d**2 + 10*d - 9. Let n be y(8). Let j = -57 - n. Suppose -2*u = 2*a - j*a - 168, 4*a - 330 = -u. List the prime factors of a.
2, 41
Let s = -756 - -431. Let v = 21 - s. List the prime factors of v.
2, 173
Suppose -21*i = 46 + 59. List the prime factors of 578 + 0 + -1 + 1 + i.
3, 191
Suppose 0 = 12*s + 14 - 14. Suppose 4*v - 2*f - 254 = 46, s = -f - 2. List the prime factors of v.
2, 37
Suppose -73*w - 51*w = -85*w - 278265. What are the prime factors of w?
5, 1427
Suppose 5*m - 50 = -35. Suppose -m*k + g + 362 = 0, -5*k + 3*g = -4*k - 126. List the prime factors of k.
2, 3, 5
Let c be 4/26 - (-76)/(-494). Suppose 55*n - 59*n + 4088 = c. What are the prime factors of n?
2, 7, 73
List the prime factors of (32513/(-4))/(-13) - 2/8.
5
Suppose 9*c = 18*c - 45. Suppose 7*a - c*a = 774. Let h = -241 + a. List the prime factors of h.
2, 73
Suppose -5375872 = -158*h + 2810132 - 1832508. List the prime factors of h.
2, 3, 1117
Let y(n) = 22*n**2 - 7*n - 57. Let a be y(7). Suppose 0*t - 2*t + a = 0. What are the prime factors of t?
2, 3
What are the prime factors of 6080 + 777/148*(-4)/(-3)?
3, 2029
Suppose 3*l = 5*y, -4*l = -4*y - 0*l - 8. Suppose -y*t + 26 = -1. Suppose t*i - 989 - 19 = 0. What are the prime factors of i?
2, 7
Let o be (1 - 126/4)/((-48)/12960). Suppose o = 47*a - 38*a. What are the prime factors of a?
3, 5, 61
Suppose -153*h + 142*h = -19877. Suppose y - 263 = -3*g + 1089, 3*y = 4*g - h. What are the prime factors of g?
11, 41
Let s = 101049 - 64384. List the prime factors of s.
5, 7333
Let j be 524/(-10) - 4/(-10)*1. Let c(v) = 4*v**2 - 3*v + 6. Let k be c(6). Let m = k + j. List the prime factors of m.
2, 5
Let o(m) be the third derivative of 34*m**2 + 0*m + 11/12*m**4 + 2*m**3 + 1/20*m**5 + 0. What are the prime factors of o(-9)?
3, 19
Let l = -5471 - -18167. List the prime factors of l.
2, 3, 23
Suppose -42859 = -4*w - 5*u, w + 545*u - 548*u = 10736. List the prime factors of w.
71, 151
Suppose -3*j = -27*v + 22*v + 57098, -2*v + 22842 = -4*j. List the prime factors of v.
19, 601
Let g = 53 - 51. Suppose 2*t + 110 = g*i - 0*i, -2*i - 2*t = -130. Wh